{"id":92,"date":"2021-09-24T15:39:08","date_gmt":"2021-09-24T15:39:08","guid":{"rendered":"https:\/\/predexe.com\/?post_type=product&#038;p=92"},"modified":"2021-10-12T21:49:49","modified_gmt":"2021-10-12T21:49:49","slug":"extintor-automatico","status":"publish","type":"product","link":"https:\/\/predexe.com\/index.php\/producto\/extintor-automatico\/","title":{"rendered":"Extintor Autom\u00e1tico 8 kg"},"content":{"rendered":"","protected":false},"excerpt":{"rendered":"<p>Extintor autom\u00e1tico de 8 kg de Polvo Qu\u00edmico Seco<br \/>\nSu ingrediente activo es el fosfato monoam\u00f3nico (NH4H2PO4), el m\u00e1s eficiente y mejor conocido agente extintor multiprop\u00f3sito.<br \/>\nPolvo ABC \u2013 8Kg. Tiempo descarga: 25 s.<br \/>\nTipo pared, soporte transporte o armario.<\/p>\n<ul>\n<li>Lo puedes comprar en <a href=\"https:\/\/extintorescamein.com\/\">Camein<\/a> o <a href=\"https:\/\/acplanetafuego.com\/?v=3fd6b696867d\">AC Planeta Fuego<\/a><\/li>\n<\/ul>\n","protected":false},"featured_media":99,"template":"","meta":{"om_disable_all_campaigns":false,"_monsterinsights_skip_tracking":false,"_monsterinsights_sitenote_active":false,"_monsterinsights_sitenote_note":"","_monsterinsights_sitenote_category":0},"product_cat":[19,18],"product_tag":[],"aioseo_notices":[],"yoast_head":"<!-- This site is optimized with the Yoast SEO plugin v17.7 - https:\/\/yoast.com\/wordpress\/plugins\/seo\/ -->\n<title>Extintor Autom\u00e1tico 8 kg - PREDEXE<\/title>\n<meta name=\"robots\" content=\"index, follow, max-snippet:-1, max-image-preview:large, max-video-preview:-1\" \/>\n<link rel=\"canonical\" href=\"https:\/\/predexe.com\/index.php\/producto\/extintor-automatico\/\" \/>\n<meta property=\"og:locale\" content=\"en_US\" \/>\n<meta property=\"og:type\" content=\"article\" \/>\n<meta property=\"og:title\" content=\"Extintor Autom\u00e1tico 8 kg - PREDEXE\" \/>\n<meta property=\"og:description\" content=\"Extintor autom\u00e1tico de 8 kg de Polvo Qu\u00edmico Seco Su ingrediente activo es el fosfato monoam\u00f3nico (NH4H2PO4), el m\u00e1s eficiente y mejor conocido agente extintor multiprop\u00f3sito. Polvo ABC \u2013 8Kg. Tiempo descarga: 25 s. Tipo pared, soporte transporte o armario.   Lo puedes comprar en Camein o AC Planeta Fuego\" \/>\n<meta property=\"og:url\" content=\"https:\/\/predexe.com\/index.php\/producto\/extintor-automatico\/\" \/>\n<meta property=\"og:site_name\" content=\"PREDEXE\" \/>\n<meta property=\"article:modified_time\" content=\"2021-10-12T21:49:49+00:00\" \/>\n<meta property=\"og:image\" content=\"https:\/\/predexe.com\/wp-content\/uploads\/2021\/09\/EXTINTOR-8-KG-FRENTE.png\" \/>\n\t<meta property=\"og:image:width\" content=\"958\" \/>\n\t<meta property=\"og:image:height\" content=\"958\" \/>\n<meta name=\"twitter:card\" content=\"summary_large_image\" \/>\n<script type=\"application\/ld+json\" class=\"yoast-schema-graph\">{\"@context\":\"https:\/\/schema.org\",\"@graph\":[{\"@type\":\"WebSite\",\"@id\":\"https:\/\/predexe.com\/#website\",\"url\":\"https:\/\/predexe.com\/\",\"name\":\"PREDEXE\",\"description\":\"\",\"potentialAction\":[{\"@type\":\"SearchAction\",\"target\":{\"@type\":\"EntryPoint\",\"urlTemplate\":\"https:\/\/predexe.com\/?s={search_term_string}\"},\"query-input\":\"required name=search_term_string\"}],\"inLanguage\":\"en-US\"},{\"@type\":\"ImageObject\",\"@id\":\"https:\/\/predexe.com\/index.php\/producto\/extintor-automatico\/#primaryimage\",\"inLanguage\":\"en-US\",\"url\":\"https:\/\/predexe.com\/wp-content\/uploads\/2021\/09\/EXTINTOR-8-KG-FRENTE.png\",\"contentUrl\":\"https:\/\/predexe.com\/wp-content\/uploads\/2021\/09\/EXTINTOR-8-KG-FRENTE.png\",\"width\":958,\"height\":958},{\"@type\":\"WebPage\",\"@id\":\"https:\/\/predexe.com\/index.php\/producto\/extintor-automatico\/#webpage\",\"url\":\"https:\/\/predexe.com\/index.php\/producto\/extintor-automatico\/\",\"name\":\"Extintor Autom\\u00e1tico 8 kg - PREDEXE\",\"isPartOf\":{\"@id\":\"https:\/\/predexe.com\/#website\"},\"primaryImageOfPage\":{\"@id\":\"https:\/\/predexe.com\/index.php\/producto\/extintor-automatico\/#primaryimage\"},\"datePublished\":\"2021-09-24T15:39:08+00:00\",\"dateModified\":\"2021-10-12T21:49:49+00:00\",\"breadcrumb\":{\"@id\":\"https:\/\/predexe.com\/index.php\/producto\/extintor-automatico\/#breadcrumb\"},\"inLanguage\":\"en-US\",\"potentialAction\":[{\"@type\":\"ReadAction\",\"target\":[\"https:\/\/predexe.com\/index.php\/producto\/extintor-automatico\/\"]}]},{\"@type\":\"BreadcrumbList\",\"@id\":\"https:\/\/predexe.com\/index.php\/producto\/extintor-automatico\/#breadcrumb\",\"itemListElement\":[{\"@type\":\"ListItem\",\"position\":1,\"name\":\"Portada\",\"item\":\"https:\/\/predexe.com\/\"},{\"@type\":\"ListItem\",\"position\":2,\"name\":\"Extintor Autom\\u00e1tico 8 kg\"}]}]}<\/script>\n<!-- \/ Yoast SEO plugin. -->","yoast_head_json":{"title":"Extintor Autom\u00e1tico 8 kg - PREDEXE","robots":{"index":"index","follow":"follow","max-snippet":"max-snippet:-1","max-image-preview":"max-image-preview:large","max-video-preview":"max-video-preview:-1"},"canonical":"https:\/\/predexe.com\/index.php\/producto\/extintor-automatico\/","og_locale":"en_US","og_type":"article","og_title":"Extintor Autom\u00e1tico 8 kg - PREDEXE","og_description":"Extintor autom\u00e1tico de 8 kg de Polvo Qu\u00edmico Seco Su ingrediente activo es el fosfato monoam\u00f3nico (NH4H2PO4), el m\u00e1s eficiente y mejor conocido agente extintor multiprop\u00f3sito. Polvo ABC \u2013 8Kg. Tiempo descarga: 25 s. Tipo pared, soporte transporte o armario.   Lo puedes comprar en Camein o AC Planeta Fuego","og_url":"https:\/\/predexe.com\/index.php\/producto\/extintor-automatico\/","og_site_name":"PREDEXE","article_modified_time":"2021-10-12T21:49:49+00:00","og_image":[{"width":958,"height":958,"url":"https:\/\/predexe.com\/wp-content\/uploads\/2021\/09\/EXTINTOR-8-KG-FRENTE.png","type":"image\/png"}],"twitter_card":"summary_large_image","schema":{"@context":"https:\/\/schema.org","@graph":[{"@type":"WebSite","@id":"https:\/\/predexe.com\/#website","url":"https:\/\/predexe.com\/","name":"PREDEXE","description":"","potentialAction":[{"@type":"SearchAction","target":{"@type":"EntryPoint","urlTemplate":"https:\/\/predexe.com\/?s={search_term_string}"},"query-input":"required name=search_term_string"}],"inLanguage":"en-US"},{"@type":"ImageObject","@id":"https:\/\/predexe.com\/index.php\/producto\/extintor-automatico\/#primaryimage","inLanguage":"en-US","url":"https:\/\/predexe.com\/wp-content\/uploads\/2021\/09\/EXTINTOR-8-KG-FRENTE.png","contentUrl":"https:\/\/predexe.com\/wp-content\/uploads\/2021\/09\/EXTINTOR-8-KG-FRENTE.png","width":958,"height":958},{"@type":"WebPage","@id":"https:\/\/predexe.com\/index.php\/producto\/extintor-automatico\/#webpage","url":"https:\/\/predexe.com\/index.php\/producto\/extintor-automatico\/","name":"Extintor Autom\u00e1tico 8 kg - PREDEXE","isPartOf":{"@id":"https:\/\/predexe.com\/#website"},"primaryImageOfPage":{"@id":"https:\/\/predexe.com\/index.php\/producto\/extintor-automatico\/#primaryimage"},"datePublished":"2021-09-24T15:39:08+00:00","dateModified":"2021-10-12T21:49:49+00:00","breadcrumb":{"@id":"https:\/\/predexe.com\/index.php\/producto\/extintor-automatico\/#breadcrumb"},"inLanguage":"en-US","potentialAction":[{"@type":"ReadAction","target":["https:\/\/predexe.com\/index.php\/producto\/extintor-automatico\/"]}]},{"@type":"BreadcrumbList","@id":"https:\/\/predexe.com\/index.php\/producto\/extintor-automatico\/#breadcrumb","itemListElement":[{"@type":"ListItem","position":1,"name":"Portada","item":"https:\/\/predexe.com\/"},{"@type":"ListItem","position":2,"name":"Extintor Autom\u00e1tico 8 kg"}]}]}},"_links":{"self":[{"href":"https:\/\/predexe.com\/index.php\/wp-json\/wp\/v2\/product\/92"}],"collection":[{"href":"https:\/\/predexe.com\/index.php\/wp-json\/wp\/v2\/product"}],"about":[{"href":"https:\/\/predexe.com\/index.php\/wp-json\/wp\/v2\/types\/product"}],"wp:featuredmedia":[{"embeddable":true,"href":"https:\/\/predexe.com\/index.php\/wp-json\/wp\/v2\/media\/99"}],"wp:attachment":[{"href":"https:\/\/predexe.com\/index.php\/wp-json\/wp\/v2\/media?parent=92"}],"wp:term":[{"taxonomy":"product_cat","embeddable":true,"href":"https:\/\/predexe.com\/index.php\/wp-json\/wp\/v2\/product_cat?post=92"},{"taxonomy":"product_tag","embeddable":true,"href":"https:\/\/predexe.com\/index.php\/wp-json\/wp\/v2\/product_tag?post=92"}],"curies":[{"name":"wp","href":"https:\/\/api.w.org\/{rel}","templated":true}]}}